y - 10. Let q be o(12). Let z(h) = 3*h**3 + 4*h**2 - h - h**3 - 5*h**q + 2*h. Is z(2) a prime number?
False
Let m(j) = j**2 + 4*j + 4. Let x(a) = a**2 + 5*a + 5. Let l(q) = -4*m(q) + 3*x(q). Let z be l(-2). Let d = 25 + z. Is d a composite number?
True
Let j(c) = -3*c - 2 - 414*c**3 - 416*c**3 - 364*c**3. Is j(-1) a prime number?
False
Suppose -p - 3*h = -2*h - 796, -2*p = h - 1591. Suppose -3*m = -p + 321. Is m composite?
True
Let l(h) = -h**3 + h**2 - 5*h + 2467. Is l(0) a prime number?
True
Let p = 33 + -52. Let u = p - -19. Suppose -t + 34 = -u*t. Is t a prime number?
False
Suppose c - 5*k = 34, -3*k - 69 = -3*c + k. Suppose -c*f + 24*f = 2855. Is f a composite number?
False
Let s be (-92)/6 + 2/(-3). Is s/6*1494/(-24) composite?
True
Let t = 51 - 56. Let x(h) = -103*h + 26. Is x(t) a prime number?
True
Suppose 0 = 5*v + v - 66. Let j = 48 + v. Is j a prime number?
True
Let j(l) = -318*l - 875. Is j(-22) a composite number?
False
Let q(u) = -u**2 - u - 1. Let x(g) = 4*g**3 - g**2 + 3*g + 1. Let l(r) = -2*q(r) + x(r). Let f(p) = 2*p + 14. Let a be f(-5). Is l(a) prime?
False
Suppose 13*l - 6*l = 133. Suppose 363 = -16*w + l*w. Is w composite?
True
Let o(i) = 1163*i**2 - 3*i + 10. Let q(h) = -1163*h**2 + 3*h - 9. Let u(c) = -6*o(c) - 7*q(c). Is u(1) composite?
False
Is -137*(-4 + 39/(-3)) composite?
True
Let s(q) = -q + 1. Let x(y) = -20*y + 11. Let m(f) = 2*s(f) + x(f). Is m(-18) a composite number?
False
Let o = 1 - -11. Suppose o = f + 3*f. Suppose f*u - 7*u = -260. Is u a prime number?
False
Let t(d) = -d**2 + 11*d + 1. Let n be t(11). Let g = -84 - -83. Is (628 - 14)/(n - g) a composite number?
False
Let t(l) = -10*l**3 + 6*l**2 - 9*l - 24. Is t(-7) prime?
False
Suppose -5*r - 4*g + 50205 = 0, -5*r + 6*g + 50165 = 2*g. Is r a composite number?
False
Suppose -4*p + 3865 = h, -4*h + 3*p + 14089 = -1447. Is h prime?
True
Suppose -5230 - 10335 = -5*v. Is v composite?
True
Let s = 9 + -5. Suppose 3*m + m + 7376 = s*b, -5*b + 9208 = m. Suppose 4*p - b = -2*p. Is p prime?
True
Suppose 0 = -r, 3*h + 12460 = -3*r + 135493. Is h a composite number?
False
Let t = 5734 - 2436. Is (-2)/(-6)*(1 + t)*3 composite?
False
Suppose -16*k - 4 = -20*k. Let t be 3 + k + 638 + -9. Let w = 1180 - t. Is w composite?
False
Suppose -5*g + 59202 + 23813 = 0. Is g prime?
True
Let s be (-2)/(-4) - 327/(-6). Suppose -q + s = 5*j, 2*q + q - 3*j - 201 = 0. Suppose -2*c - 3*l = -q, 12 + 51 = 2*c + l. Is c composite?
False
Let r(y) = -y**3 + 16*y**2 - 6*y - 22. Let d be r(11). Suppose 4*p - 642 = -2*o + 336, 0 = o - 5*p - d. Is o composite?
True
Let m be 728/6 - 8/(-12). Let r = m + 81. Is r a prime number?
False
Let i = 407 - -846. Suppose 5*k - 502 - i = 0. Suppose w - 150 = -5*p + k, p - 1559 = -3*w. Is w a prime number?
True
Is (1126726/10)/1 + (-44)/(-110) composite?
True
Let o be 6/(-4)*(-144)/27. Is (9/(-12) - (-13662)/o) + 2 composite?
False
Let i(k) = -k**2 - 5*k + 4. Let u be (1 + 0)*(0 - 5). Let z be i(u). Suppose -r + 5*o = -z*r + 648, -1102 = -5*r - o. Is r prime?
False
Let p be (-1574)/((-40)/(-25) - 2). Suppose 0 = -0*l + 4*l - 3*d - p, -4910 = -5*l - 5*d. Is l composite?
False
Suppose -1048162 + 319572 = -10*v. Is v composite?
False
Is (83 - 84) + 2053 + 1 prime?
True
Let z(h) = 20*h - 211. Is z(24) composite?
False
Let i(z) be the first derivative of -443*z**2/2 - 5*z + 19. Is i(-6) prime?
False
Is (-13)/(104/(-220184)) + 4 composite?
False
Let l be (-6)/27 - 97/9. Let z(h) be the first derivative of -h**3/3 - 15*h**2/2 - 13*h + 3. Is z(l) a composite number?
False
Let k(j) = j**2 + 5*j + 12. Let d(w) = -2*w**2 - 9*w - 23. Let c(r) = 2*d(r) + 5*k(r). Let o(v) = -v**2 + 10*v + 12. Let b be o(12). Is c(b) prime?
False
Suppose 3*o + 2868 = 2*j + 5*o, 5*j - 7198 = 2*o. Is j a composite number?
True
Let s(i) = 2*i**3 - 10*i - 2*i**3 + 27 + 2*i**3 - 4*i**2 - 28. Is s(7) composite?
False
Let n = -22 + 24. Suppose l - 1041 = -n*l. Is l a composite number?
False
Suppose -l + 4337 = 2*l - 2*h, 3*l - h = 4336. Suppose -3*w + l = 8. Is w prime?
True
Is (28/(-70))/(8/(-260830))*2 a composite number?
False
Suppose k + 2*r - 1220 - 3849 = 0, 2*k - 10148 = -2*r. Is k composite?
True
Let q be (-4 + 6)*(0 - 1). Let o be (6/q)/(5 - 6). Let k = 28 + o. Is k a composite number?
False
Suppose -8090 = -5*b + 4*y, -8*y + 9*y = 0. Is b a prime number?
False
Let q(k) = 21*k**2 - 2*k + 72*k**2 + 1 + 23*k**2. Is q(1) prime?
False
Is -7 + (-428072)/(-24)*6 composite?
True
Let w(v) = 2*v**3 + 4*v**2 - 3*v - 1. Let b(g) = -g**3 + 12*g**2 + 13*g + 4. Suppose d - 16 + 3 = 0. Let j be b(d). Is w(j) a composite number?
False
Suppose 3*r - 2*g - 14 = 0, -12*r - 4*g + 4 = -10*r. Let u(m) = 9 - 5 + 5 + 28*m + 90*m. Is u(r) prime?
False
Suppose 4*q = 5*q - 2. Suppose 2*w = 5*b + 555, q*w = -0*w. Let f = -42 - b. Is f prime?
False
Suppose -5*j = -j - 1204. Let c = j + -125. Let y = -89 + c. Is y prime?
False
Suppose -2*j + 0*j = 6, 5*q - 697 = -j. Suppose 0 = -2*x - 10 + q. Is x prime?
False
Suppose 2*j + 136 = -3*k + 391, 3*j - 5*k - 392 = 0. Suppose -2*n + j = 461. Is n/(-8) + 1/4 a prime number?
False
Let r(l) = -135*l - 10. Suppose -5*j = -4*j + 3. Is r(j) composite?
True
Suppose 0 = 45*u - 1631532 - 334293. Is u a prime number?
False
Let p(z) = -6*z + 12*z**2 + 2 - 3*z**2 + 9. Suppose -3*r - 14 - 4 = 0. Is p(r) a prime number?
False
Let k(p) = -324*p - 1. Let y be k(1). Is y/10*(-4)/2 a prime number?
False
Let x(l) = -14*l**3 + 6*l**3 + 9 - 7*l + 9*l**3 + 7*l**2. Let w be x(-8). Is (w + -4)/(9/(-66)) a prime number?
False
Suppose -a - u + 42 = 0, 4*a + 5*u + 0*u = 164. Let g = a - 24. Is 16/88 + 678/g composite?
False
Is 8 + 14942/6 - 2/6 composite?
True
Let u = -14453 + 24557. Suppose 3*p = 5*p - 6, 3*k = -3*p + u. Is k a prime number?
False
Let u = 4 - 2. Let q(a) = 3*a + 101. Let n be q(-6). Let c = u + n. Is c composite?
True
Let n be (-48)/(-21) - 2/7. Suppose -2*p - p - n*l = -408, l + 141 = p. Let z = 61 + p. Is z composite?
False
Suppose -5*r + 3*r = 6, 0 = q - 5*r - 88406. Is q a composite number?
True
Suppose -25 = -3*s + 11. Is 3946*(-21)/s*6/(-7) composite?
True
Let d = 4563 - 2444. Is d prime?
False
Suppose -3*r - 24 = -3*g, -3*g + 3*r - 7*r = -17. Let k = g + 440. Is k composite?
True
Let u be (-42)/(-5 + 4) - -4. Suppose -u = -w + 41. Is w prime?
False
Suppose -3*j + 1981 = 4*m, 4*j - 1784 - 192 = -4*m. Is m composite?
False
Is 74500/20 - (1 - (-6 + 1)) prime?
True
Suppose 2*p - 13086 = -4*c, 0 = 4*p + 5*c - c - 26164. Is p composite?
True
Suppose -5*q = -0*q - 2*h - 26, -5*q + 5*h + 35 = 0. Let v be 3 - 168/(q/4). Let x = 256 + v. Is x prime?
False
Suppose 0 = -4*w - 2*w - 630. Is (-71099)/w - 2/15 a composite number?
False
Let m = -72 - -77. Suppose -5*c = m*y - 5475, 3*y + c + 4*c - 3287 = 0. Is y prime?
False
Let l(a) = -3*a**2 - 2*a - 12. Let d be l(0). Is 112 - (d/20)/((-3)/15) prime?
True
Let p(i) = i**3 + i**2 - 5. Suppose -16 = 2*s + 2*s. Let v be p(s). Let t = 90 + v. Is t prime?
True
Suppose -4*c = y - 12467, -4*c + 0*c + 16 = 0. Is y composite?
False
Suppose 0 = 6*q + 28*q - 809030. Is q prime?
False
Suppose 5*k - 505 = -5*d, 191 = 3*d + 5*k - 118. Suppose 5*y - 2*l = 163, 2*y + 4 = l + 70. Let c = d + y. Is c composite?
True
Let k(n) = 261*n - 184. Let f(a) = -52*a + 37. Let t(c) = 11*f(c) + 2*k(c). Is t(-14) composite?
False
Suppose -4*s + 0 = -12. Is 259*1*s/3 composite?
True
Let g = 11975 - 7184. Is g prime?
False
Let g be 2*((-3 - -1) + 0). Let d be g/16*-4*318. Suppose 9*i = 6*i + d. Is i a composite number?
True
Suppose -2 = -q - 4, -4*q - 2812 = -4*j. Is j prime?
True
Suppose 2*c + 67 = -3*c + 3*f, 2*f + 47 = -5*c. Let q(p) = -16*p + 5. Let a(d) = 8*d - 3. Let z(o) = 7*a(o) + 4*q(o). Is z(c) composite?
True
Suppose 0*k = -2*k + 8. Let z(r) = 0*r + 3*r + 3*r**2 + k*r - 4*r - 7. Is z(8) a composite number?
True
Let h(d) = -216*d - 23. Let l be h(-6). Let f = l - 686. Is f prime?
True
Let k(v) = v + 14. Let u be k(-11). Suppose 0 = -u*b - 0*b + 6. Suppose -2*n + 2*w = -452, 0*n - b*w = -3*n + 675. Is n composite?
False
Let u be 2/((-330)/(-360) + (-1)/4). Let d = 6 + -4. Suppose -u*l + 1465 = d*l. Is l prime?
True
Let z(m) = -m**3 - 7*m**2 - m - 3. Let y be z(-7). Suppose 298 = y*g - 2*g. Is g prime?
True
Let k(j) = 155*j + 3. Let a be k(3). Suppose -10